  {"id":5753,"date":"2026-01-27T17:16:48","date_gmt":"2026-01-27T22:16:48","guid":{"rendered":"https:\/\/umaine.edu\/wilsoncenter\/?page_id=5753"},"modified":"2026-01-27T17:16:49","modified_gmt":"2026-01-27T22:16:49","slug":"dorothy-clarke-wilson-peace-writing-prize-2026","status":"publish","type":"page","link":"https:\/\/umaine.edu\/wilsoncenter\/programs-dorothy-clarke-wilson-peace-writing-prize\/dorothy-clarke-wilson-peace-writing-prize-2026\/","title":{"rendered":"Dorothy Clarke Wilson Peace Writing Prize 2026"},"content":{"rendered":"\n<p>Dorothy Clarke Wilson of 91¸£Àû, was an internationally known peacemaker who was committed to\u00a0writing on social issues and world peace. To encourage today&#8217;s University of Maine students to share in the\u00a0commitment, Dorothy Clarke Wilson established a $500 annual award for the most compelling written work\u00a0on a peace-related topic. This competition is open to all University of Maine students.<\/p>\n\n\n\n<h3 class=\"wp-block-heading\"><strong>2026 Topic<\/strong><\/h3>\n\n\n\n<p>Applicants were asked to respond in a submission of around 750 words to the following quote by Bell Hooks:<\/p>\n\n\n\n<blockquote class=\"wp-block-quote is-layout-flow wp-block-quote-is-layout-flow\">\n<p><strong>&#8220;Beloved community is formed not by the eradication of difference but by its affirmation, by each of us claiming the identities and cultural legacies that shape who we are and how we live in the world&#8221;<\/strong><\/p>\n\n\n\n<p>\u2014Bell Hooks, Killing Rage: Ending Racism<\/p>\n<\/blockquote>\n\n\n\n<h3 class=\"wp-block-heading\"><span style=\"color: #0000ff\"><strong>2026 Winner of DCW Peace Writing Prize: Alicia Bell<\/strong><\/span><\/h3>\n\n\n\n<figure class=\"wp-block-image size-large is-resized\"><img loading=\"lazy\" decoding=\"async\" width=\"819\" height=\"1024\" src=\"https:\/\/umaine.edu\/wilsoncenter\/wp-content\/uploads\/sites\/360\/2026\/01\/image-819x1024.png\" alt=\"Graphic announcing the 2026 Dorothy Clark Wilson (DCW) Peace Prize winner. A photo of Alicia Bell smiling outdoors on a green lawn is framed on the right. Text reads \u201cCongratulations to our 2026 DCW Prize Winner! Alicia Bell.\u201d Additional text honors her winning work titled \u201cHonoring Difference Through the Navajo Loom.\u201d The graphic notes it is the Wilson Center\u2019s honor to present the 2026 DCW Peace Prize to Alicia Bell. The Wilson Center for Spiritual Exploration &amp; Multifaith Dialogue logo and contact email are displayed at the bottom, with a blue background and celebratory confetti accents.\" class=\"wp-image-5760\" style=\"width:840px;height:auto\" srcset=\"https:\/\/umaine.edu\/wilsoncenter\/wp-content\/uploads\/sites\/360\/2026\/01\/image-819x1024.png 819w, https:\/\/umaine.edu\/wilsoncenter\/wp-content\/uploads\/sites\/360\/2026\/01\/image-240x300.png 240w, https:\/\/umaine.edu\/wilsoncenter\/wp-content\/uploads\/sites\/360\/2026\/01\/image-768x960.png 768w, https:\/\/umaine.edu\/wilsoncenter\/wp-content\/uploads\/sites\/360\/2026\/01\/image-105x131.png 105w, https:\/\/umaine.edu\/wilsoncenter\/wp-content\/uploads\/sites\/360\/2026\/01\/image-317x396.png 317w, https:\/\/umaine.edu\/wilsoncenter\/wp-content\/uploads\/sites\/360\/2026\/01\/image-423x529.png 423w, https:\/\/umaine.edu\/wilsoncenter\/wp-content\/uploads\/sites\/360\/2026\/01\/image-634x793.png 634w, https:\/\/umaine.edu\/wilsoncenter\/wp-content\/uploads\/sites\/360\/2026\/01\/image-846x1058.png 846w, https:\/\/umaine.edu\/wilsoncenter\/wp-content\/uploads\/sites\/360\/2026\/01\/image-951x1189.png 951w, https:\/\/umaine.edu\/wilsoncenter\/wp-content\/uploads\/sites\/360\/2026\/01\/image.png 1080w\" sizes=\"auto, (max-width: 320px) 85vw, (max-width: 768px) 67vw, (max-width: 1024px) 62vw,819px\" \/><\/figure>\n\n\n\n<p><strong>From Our Director:<\/strong> <em>&#8220;Congratulations to the 2026 Dorothy Clarke Wilson Peace Prize winner, Alicia Bell! A graduate student in the Intermedia MFA and Digital Curation programs at the University of Maine. She is a full-blooded Navajo from the Rotating Mountain reservation in New Mexico. Her work centers on Indigenous knowledge, digital media, and storytelling, focusing on her culture. She lives in Ellsworth, ME, where she continues to develop projects that bring together tradition and technology.&#8221;<\/em><\/p>\n\n\n<p>Read Alicia Bell&#8217;s winning piece, <em>H\u00f3zh\u01eb\u0301\u01eb\u0301gi naaznil\u00edg\u00ed\u00ed: Honoring Difference Through the Navajo Loom,<\/em> here:<\/p>\n\n\n<div data-wp-interactive=\"core\/file\" class=\"wp-block-file\"><object data-wp-bind--hidden=\"!state.hasPdfPreview\" hidden class=\"wp-block-file__embed\" data=\"https:\/\/umaine.edu\/wilsoncenter\/wp-content\/uploads\/sites\/360\/2026\/01\/Hozh\u01eb\u0301\u01eb\u0301gi-naazniligii_-Honoring-Difference-Through-the-Navajo-Loom-alicia.pdf\" type=\"application\/pdf\" style=\"width:100%;height:600px\" aria-label=\"Embed of Ho\u0301zho\u0328\u0301o\u0328\u0301gi naaznili\u0301gi\u0301i\u0301_ Honoring Difference Through the Navajo Loom - alicia.\"><\/object><a id=\"wp-block-file--media-a22b8127-2b10-4ca6-aa02-da57565cbbf6\" href=\"https:\/\/umaine.edu\/wilsoncenter\/wp-content\/uploads\/sites\/360\/2026\/01\/Hozh\u01eb\u0301\u01eb\u0301gi-naazniligii_-Honoring-Difference-Through-the-Navajo-Loom-alicia.pdf\">Ho\u0301zho\u0328\u0301o\u0328\u0301gi naaznili\u0301gi\u0301i\u0301_ Honoring Difference Through the Navajo Loom &#8211; alicia<\/a><a href=\"https:\/\/umaine.edu\/wilsoncenter\/wp-content\/uploads\/sites\/360\/2026\/01\/Hozh\u01eb\u0301\u01eb\u0301gi-naazniligii_-Honoring-Difference-Through-the-Navajo-Loom-alicia.pdf\" class=\"wp-block-file__button wp-element-button\" download aria-describedby=\"wp-block-file--media-a22b8127-2b10-4ca6-aa02-da57565cbbf6\">Download<\/a><\/div>\n\n\n\n<p><\/p>\n","protected":false},"excerpt":{"rendered":"<p>Dorothy Clarke Wilson of 91¸£Àû, was an internationally known peacemaker who was committed to\u00a0writing on social issues and world peace. To encourage today&#8217;s University of Maine students to share in the\u00a0commitment, Dorothy Clarke Wilson established a $500 annual award for the most compelling written work\u00a0on a peace-related topic. This competition is open to all [&hellip;]<\/p>\n","protected":false},"author":2644,"featured_media":0,"parent":3763,"menu_order":0,"comment_status":"closed","ping_status":"closed","template":"","meta":{"_kad_blocks_custom_css":"","_kad_blocks_head_custom_js":"","_kad_blocks_body_custom_js":"","_kad_blocks_footer_custom_js":"","_monsterinsights_skip_tracking":false,"_monsterinsights_sitenote_active":false,"_monsterinsights_sitenote_note":"","_monsterinsights_sitenote_category":0,"footnotes":""},"class_list":["post-5753","page","type-page","status-publish","hentry"],"yoast_head":"<!-- This site is optimized with the Yoast SEO plugin v27.2 - https:\/\/yoast.com\/product\/yoast-seo-wordpress\/ -->\n<title>Dorothy Clarke Wilson Peace Writing Prize 2026 - The Wilson Center - University of Maine<\/title>\n<meta name=\"robots\" content=\"index, follow, max-snippet:-1, max-image-preview:large, max-video-preview:-1\" \/>\n<link rel=\"canonical\" href=\"https:\/\/umaine.edu\/wilsoncenter\/programs-dorothy-clarke-wilson-peace-writing-prize\/dorothy-clarke-wilson-peace-writing-prize-2026\/\" \/>\n<meta property=\"og:locale\" content=\"en_US\" \/>\n<meta property=\"og:type\" content=\"article\" \/>\n<meta property=\"og:title\" content=\"Dorothy Clarke Wilson Peace Writing Prize 2026 - The Wilson Center - University of Maine\" \/>\n<meta property=\"og:description\" content=\"Dorothy Clarke Wilson of 91¸£Àû, was an internationally known peacemaker who was committed to\u00a0writing on social issues and world peace. To encourage today&#8217;s University of Maine students to share in the\u00a0commitment, Dorothy Clarke Wilson established a $500 annual award for the most compelling written work\u00a0on a peace-related topic. This competition is open to all [&hellip;]\" \/>\n<meta property=\"og:url\" content=\"https:\/\/umaine.edu\/wilsoncenter\/programs-dorothy-clarke-wilson-peace-writing-prize\/dorothy-clarke-wilson-peace-writing-prize-2026\/\" \/>\n<meta property=\"og:site_name\" content=\"The Wilson Center\" \/>\n<meta property=\"article:modified_time\" content=\"2026-01-27T22:16:49+00:00\" \/>\n<meta property=\"og:image\" content=\"https:\/\/umaine.edu\/wilsoncenter\/wp-content\/uploads\/sites\/360\/2026\/01\/image.png\" \/>\n\t<meta property=\"og:image:width\" content=\"1080\" \/>\n\t<meta property=\"og:image:height\" content=\"1350\" \/>\n\t<meta property=\"og:image:type\" content=\"image\/png\" \/>\n<meta name=\"twitter:card\" content=\"summary_large_image\" \/>\n<meta name=\"twitter:label1\" content=\"Est. reading time\" \/>\n\t<meta name=\"twitter:data1\" content=\"2 minutes\" \/>\n<script type=\"application\/ld+json\" class=\"yoast-schema-graph\">{\"@context\":\"https:\/\/schema.org\",\"@graph\":[{\"@type\":\"WebPage\",\"@id\":\"https:\/\/umaine.edu\/wilsoncenter\/programs-dorothy-clarke-wilson-peace-writing-prize\/dorothy-clarke-wilson-peace-writing-prize-2026\/\",\"url\":\"https:\/\/umaine.edu\/wilsoncenter\/programs-dorothy-clarke-wilson-peace-writing-prize\/dorothy-clarke-wilson-peace-writing-prize-2026\/\",\"name\":\"Dorothy Clarke Wilson Peace Writing Prize 2026 - The Wilson Center - University of Maine\",\"isPartOf\":{\"@id\":\"https:\/\/umaine.edu\/wilsoncenter\/#website\"},\"primaryImageOfPage\":{\"@id\":\"https:\/\/umaine.edu\/wilsoncenter\/programs-dorothy-clarke-wilson-peace-writing-prize\/dorothy-clarke-wilson-peace-writing-prize-2026\/#primaryimage\"},\"image\":{\"@id\":\"https:\/\/umaine.edu\/wilsoncenter\/programs-dorothy-clarke-wilson-peace-writing-prize\/dorothy-clarke-wilson-peace-writing-prize-2026\/#primaryimage\"},\"thumbnailUrl\":\"https:\/\/umaine.edu\/wilsoncenter\/wp-content\/uploads\/sites\/360\/2026\/01\/image-819x1024.png\",\"datePublished\":\"2026-01-27T22:16:48+00:00\",\"dateModified\":\"2026-01-27T22:16:49+00:00\",\"breadcrumb\":{\"@id\":\"https:\/\/umaine.edu\/wilsoncenter\/programs-dorothy-clarke-wilson-peace-writing-prize\/dorothy-clarke-wilson-peace-writing-prize-2026\/#breadcrumb\"},\"inLanguage\":\"en-US\",\"potentialAction\":[{\"@type\":\"ReadAction\",\"target\":[\"https:\/\/umaine.edu\/wilsoncenter\/programs-dorothy-clarke-wilson-peace-writing-prize\/dorothy-clarke-wilson-peace-writing-prize-2026\/\"]}]},{\"@type\":\"ImageObject\",\"inLanguage\":\"en-US\",\"@id\":\"https:\/\/umaine.edu\/wilsoncenter\/programs-dorothy-clarke-wilson-peace-writing-prize\/dorothy-clarke-wilson-peace-writing-prize-2026\/#primaryimage\",\"url\":\"https:\/\/umaine.edu\/wilsoncenter\/wp-content\/uploads\/sites\/360\/2026\/01\/image.png\",\"contentUrl\":\"https:\/\/umaine.edu\/wilsoncenter\/wp-content\/uploads\/sites\/360\/2026\/01\/image.png\",\"width\":1080,\"height\":1350,\"caption\":\"Graphic announcing the 2026 Dorothy Clark Wilson (DCW) Peace Prize winner. A photo of Alicia Bell smiling outdoors on a green lawn is framed on the right. Text reads \u201cCongratulations to our 2026 DCW Prize Winner! Alicia Bell.\u201d Additional text honors her winning work titled \u201cHonoring Difference Through the Navajo Loom.\u201d The graphic notes it is the Wilson Center\u2019s honor to present the 2026 DCW Peace Prize to Alicia Bell. The Wilson Center for Spiritual Exploration & Multifaith Dialogue logo and contact email are displayed at the bottom, with a blue background and celebratory confetti accents.\"},{\"@type\":\"BreadcrumbList\",\"@id\":\"https:\/\/umaine.edu\/wilsoncenter\/programs-dorothy-clarke-wilson-peace-writing-prize\/dorothy-clarke-wilson-peace-writing-prize-2026\/#breadcrumb\",\"itemListElement\":[{\"@type\":\"ListItem\",\"position\":1,\"name\":\"Home\",\"item\":\"https:\/\/umaine.edu\/wilsoncenter\/\"},{\"@type\":\"ListItem\",\"position\":2,\"name\":\"Dorothy Clarke Wilson Peace Writing Prize\",\"item\":\"https:\/\/umaine.edu\/wilsoncenter\/programs-dorothy-clarke-wilson-peace-writing-prize\/\"},{\"@type\":\"ListItem\",\"position\":3,\"name\":\"Dorothy Clarke Wilson Peace Writing Prize 2026\"}]},{\"@type\":\"WebSite\",\"@id\":\"https:\/\/umaine.edu\/wilsoncenter\/#website\",\"url\":\"https:\/\/umaine.edu\/wilsoncenter\/\",\"name\":\"The Wilson Center\",\"description\":\"Center for Spiritual Exploration and Multifaith Dialogue\",\"potentialAction\":[{\"@type\":\"SearchAction\",\"target\":{\"@type\":\"EntryPoint\",\"urlTemplate\":\"https:\/\/umaine.edu\/wilsoncenter\/?s={search_term_string}\"},\"query-input\":{\"@type\":\"PropertyValueSpecification\",\"valueRequired\":true,\"valueName\":\"search_term_string\"}}],\"inLanguage\":\"en-US\"}]}<\/script>\n<!-- \/ Yoast SEO plugin. -->","yoast_head_json":{"title":"Dorothy Clarke Wilson Peace Writing Prize 2026 - The Wilson Center - University of Maine","robots":{"index":"index","follow":"follow","max-snippet":"max-snippet:-1","max-image-preview":"max-image-preview:large","max-video-preview":"max-video-preview:-1"},"canonical":"https:\/\/umaine.edu\/wilsoncenter\/programs-dorothy-clarke-wilson-peace-writing-prize\/dorothy-clarke-wilson-peace-writing-prize-2026\/","og_locale":"en_US","og_type":"article","og_title":"Dorothy Clarke Wilson Peace Writing Prize 2026 - The Wilson Center - University of Maine","og_description":"Dorothy Clarke Wilson of 91¸£Àû, was an internationally known peacemaker who was committed to\u00a0writing on social issues and world peace. To encourage today&#8217;s University of Maine students to share in the\u00a0commitment, Dorothy Clarke Wilson established a $500 annual award for the most compelling written work\u00a0on a peace-related topic. This competition is open to all [&hellip;]","og_url":"https:\/\/umaine.edu\/wilsoncenter\/programs-dorothy-clarke-wilson-peace-writing-prize\/dorothy-clarke-wilson-peace-writing-prize-2026\/","og_site_name":"The Wilson Center","article_modified_time":"2026-01-27T22:16:49+00:00","og_image":[{"width":1080,"height":1350,"url":"https:\/\/umaine.edu\/wilsoncenter\/wp-content\/uploads\/sites\/360\/2026\/01\/image.png","type":"image\/png"}],"twitter_card":"summary_large_image","twitter_misc":{"Est. reading time":"2 minutes"},"schema":{"@context":"https:\/\/schema.org","@graph":[{"@type":"WebPage","@id":"https:\/\/umaine.edu\/wilsoncenter\/programs-dorothy-clarke-wilson-peace-writing-prize\/dorothy-clarke-wilson-peace-writing-prize-2026\/","url":"https:\/\/umaine.edu\/wilsoncenter\/programs-dorothy-clarke-wilson-peace-writing-prize\/dorothy-clarke-wilson-peace-writing-prize-2026\/","name":"Dorothy Clarke Wilson Peace Writing Prize 2026 - The Wilson Center - University of Maine","isPartOf":{"@id":"https:\/\/umaine.edu\/wilsoncenter\/#website"},"primaryImageOfPage":{"@id":"https:\/\/umaine.edu\/wilsoncenter\/programs-dorothy-clarke-wilson-peace-writing-prize\/dorothy-clarke-wilson-peace-writing-prize-2026\/#primaryimage"},"image":{"@id":"https:\/\/umaine.edu\/wilsoncenter\/programs-dorothy-clarke-wilson-peace-writing-prize\/dorothy-clarke-wilson-peace-writing-prize-2026\/#primaryimage"},"thumbnailUrl":"https:\/\/umaine.edu\/wilsoncenter\/wp-content\/uploads\/sites\/360\/2026\/01\/image-819x1024.png","datePublished":"2026-01-27T22:16:48+00:00","dateModified":"2026-01-27T22:16:49+00:00","breadcrumb":{"@id":"https:\/\/umaine.edu\/wilsoncenter\/programs-dorothy-clarke-wilson-peace-writing-prize\/dorothy-clarke-wilson-peace-writing-prize-2026\/#breadcrumb"},"inLanguage":"en-US","potentialAction":[{"@type":"ReadAction","target":["https:\/\/umaine.edu\/wilsoncenter\/programs-dorothy-clarke-wilson-peace-writing-prize\/dorothy-clarke-wilson-peace-writing-prize-2026\/"]}]},{"@type":"ImageObject","inLanguage":"en-US","@id":"https:\/\/umaine.edu\/wilsoncenter\/programs-dorothy-clarke-wilson-peace-writing-prize\/dorothy-clarke-wilson-peace-writing-prize-2026\/#primaryimage","url":"https:\/\/umaine.edu\/wilsoncenter\/wp-content\/uploads\/sites\/360\/2026\/01\/image.png","contentUrl":"https:\/\/umaine.edu\/wilsoncenter\/wp-content\/uploads\/sites\/360\/2026\/01\/image.png","width":1080,"height":1350,"caption":"Graphic announcing the 2026 Dorothy Clark Wilson (DCW) Peace Prize winner. A photo of Alicia Bell smiling outdoors on a green lawn is framed on the right. Text reads \u201cCongratulations to our 2026 DCW Prize Winner! Alicia Bell.\u201d Additional text honors her winning work titled \u201cHonoring Difference Through the Navajo Loom.\u201d The graphic notes it is the Wilson Center\u2019s honor to present the 2026 DCW Peace Prize to Alicia Bell. The Wilson Center for Spiritual Exploration & Multifaith Dialogue logo and contact email are displayed at the bottom, with a blue background and celebratory confetti accents."},{"@type":"BreadcrumbList","@id":"https:\/\/umaine.edu\/wilsoncenter\/programs-dorothy-clarke-wilson-peace-writing-prize\/dorothy-clarke-wilson-peace-writing-prize-2026\/#breadcrumb","itemListElement":[{"@type":"ListItem","position":1,"name":"Home","item":"https:\/\/umaine.edu\/wilsoncenter\/"},{"@type":"ListItem","position":2,"name":"Dorothy Clarke Wilson Peace Writing Prize","item":"https:\/\/umaine.edu\/wilsoncenter\/programs-dorothy-clarke-wilson-peace-writing-prize\/"},{"@type":"ListItem","position":3,"name":"Dorothy Clarke Wilson Peace Writing Prize 2026"}]},{"@type":"WebSite","@id":"https:\/\/umaine.edu\/wilsoncenter\/#website","url":"https:\/\/umaine.edu\/wilsoncenter\/","name":"The Wilson Center","description":"Center for Spiritual Exploration and Multifaith Dialogue","potentialAction":[{"@type":"SearchAction","target":{"@type":"EntryPoint","urlTemplate":"https:\/\/umaine.edu\/wilsoncenter\/?s={search_term_string}"},"query-input":{"@type":"PropertyValueSpecification","valueRequired":true,"valueName":"search_term_string"}}],"inLanguage":"en-US"}]}},"taxonomy_info":[],"featured_image_src_large":false,"author_info":{"display_name":"jguzman","author_link":"https:\/\/umaine.edu\/wilsoncenter\/author\/jguzman\/"},"comment_info":0,"_links":{"self":[{"href":"https:\/\/umaine.edu\/wilsoncenter\/wp-json\/wp\/v2\/pages\/5753","targetHints":{"allow":["GET"]}}],"collection":[{"href":"https:\/\/umaine.edu\/wilsoncenter\/wp-json\/wp\/v2\/pages"}],"about":[{"href":"https:\/\/umaine.edu\/wilsoncenter\/wp-json\/wp\/v2\/types\/page"}],"author":[{"embeddable":true,"href":"https:\/\/umaine.edu\/wilsoncenter\/wp-json\/wp\/v2\/users\/2644"}],"replies":[{"embeddable":true,"href":"https:\/\/umaine.edu\/wilsoncenter\/wp-json\/wp\/v2\/comments?post=5753"}],"version-history":[{"count":9,"href":"https:\/\/umaine.edu\/wilsoncenter\/wp-json\/wp\/v2\/pages\/5753\/revisions"}],"predecessor-version":[{"id":5766,"href":"https:\/\/umaine.edu\/wilsoncenter\/wp-json\/wp\/v2\/pages\/5753\/revisions\/5766"}],"up":[{"embeddable":true,"href":"https:\/\/umaine.edu\/wilsoncenter\/wp-json\/wp\/v2\/pages\/3763"}],"wp:attachment":[{"href":"https:\/\/umaine.edu\/wilsoncenter\/wp-json\/wp\/v2\/media?parent=5753"}],"curies":[{"name":"wp","href":"https:\/\/api.w.org\/{rel}","templated":true}]}}